illions digit of 40835225?
0
What is the hundreds digit of 1106452?
4
What is the millions digit of 8870656?
8
What is the tens digit of 5182550?
5
What is the tens digit of 95496?
9
What is the units digit of 24398508?
8
What is the tens digit of 5593516?
1
What is the hundred thousands digit of 384977?
3
What is the millions digit of 1138279?
1
What is the tens digit of 149662?
6
What is the thousands digit of 940554?
0
What is the tens digit of 106158?
5
What is the hundred thousands digit of 792900?
7
What is the units digit of 834822?
2
What is the hundred thousands digit of 187138?
1
What is the ten thousands digit of 1035905?
3
What is the hundred thousands digit of 475855?
4
What is the thousands digit of 8923291?
3
What is the hundred thousands digit of 545750?
5
What is the units digit of 1210299?
9
What is the tens digit of 123668?
6
What is the millions digit of 23498026?
3
What is the ten thousands digit of 641166?
4
What is the tens digit of 5619608?
0
What is the units digit of 19058003?
3
What is the hundred thousands digit of 260416?
2
What is the hundred thousands digit of 398153?
3
What is the thousands digit of 15701994?
1
What is the units digit of 38285306?
6
What is the units digit of 870620?
0
What is the hundreds digit of 677331?
3
What is the ten thousands digit of 2739647?
3
What is the thousands digit of 443995?
3
What is the hundred thousands digit of 187858?
1
What is the ten thousands digit of 6901189?
0
What is the hundred thousands digit of 1711654?
7
What is the thousands digit of 7746704?
6
What is the millions digit of 1747202?
1
What is the hundred thousands digit of 3011317?
0
What is the units digit of 12878665?
5
What is the units digit of 1070715?
5
What is the units digit of 14751377?
7
What is the tens digit of 1218279?
7
What is the units digit of 3300324?
4
What is the thousands digit of 141117?
1
What is the tens digit of 6881146?
4
What is the thousands digit of 496890?
6
What is the units digit of 124283?
3
What is the tens digit of 3665692?
9
What is the ten thousands digit of 3470007?
7
What is the millions digit of 2134338?
2
What is the millions digit of 15315526?
5
What is the thousands digit of 8792281?
2
What is the hundred thousands digit of 1011221?
0
What is the units digit of 21262803?
3
What is the hundred thousands digit of 4663535?
6
What is the tens digit of 1074426?
2
What is the ten thousands digit of 4180507?
8
What is the units digit of 29773?
3
What is the ten thousands digit of 3002444?
0
What is the ten thousands digit of 968880?
6
What is the tens digit of 1293507?
0
What is the hundreds digit of 10765707?
7
What is the ten thousands digit of 2151123?
5
What is the hundred thousands digit of 344182?
3
What is the units digit of 17166826?
6
What is the tens digit of 2345106?
0
What is the ten thousands digit of 2501467?
0
What is the hundreds digit of 5664147?
1
What is the thousands digit of 11825178?
5
What is the thousands digit of 5176345?
6
What is the ten thousands digit of 830553?
3
What is the ten millions digit of 23639417?
2
What is the units digit of 7609020?
0
What is the hundreds digit of 229380?
3
What is the ten thousands digit of 368574?
6
What is the hundreds digit of 21033154?
1
What is the hundred thousands digit of 7338621?
3
What is the hundreds digit of 61969?
9
What is the units digit of 2187537?
7
What is the thousands digit of 360766?
0
What is the tens digit of 388319?
1
What is the millions digit of 25563018?
5
What is the tens digit of 355234?
3
What is the millions digit of 7874167?
7
What is the millions digit of 4902377?
4
What is the hundreds digit of 539698?
6
What is the hundred thousands digit of 1847659?
8
What is the thousands digit of 890101?
0
What is the millions digit of 2375225?
2
What is the thousands digit of 729926?
9
What is the tens digit of 268376?
7
What is the units digit of 1778680?
0
What is the tens digit of 396751?
5
What is the millions digit of 3398098?
3
What is the hundreds digit of 311375?
3
What is the ten thousands digit of 958843?
5
What is the thousands digit of 100873?
0
What is the units digit of 197693?
3
What is the ten thousands digit of 268860?
6
What is the hundreds digit of 4334126?
1
What is the hundred thousands digit of 10781299?
7
What is the hundreds digit of 1589774?
7
What is the hundreds digit of 1558232?
2
What is the millions digit of 39043307?
9
What is the units digit of 1402052?
2
What is the units digit of 182314?
4
What is the ten thousands digit of 206177?
0
What is the ten thousands digit of 413834?
1
What is the thousands digit of 171899?
1
What is the units digit of 434182?
2
What is the hundred thousands digit of 992151?
9
What is the units digit of 3103734?
4
What is the hundred thousands digit of 15139727?
1
What is the thousands digit of 6892589?
2
What is the ten thousands digit of 1843818?
4
What is the tens digit of 13722086?
8
What is the hundreds digit of 10831?
8
What is the tens digit of 880209?
0
What is the hundreds digit of 1564493?
4
What is the ten thousands digit of 581795?
8
What is the tens digit of 180278?
7
What is the tens digit of 54323?
2
What is the ten thousands digit of 28622618?
2
What is the tens digit of 3975668?
6
What is the hundred thousands digit of 3439837?
4
What is the units digit of 183234?
4
What is the tens digit of 705542?
4
What is the hundreds digit of 3299013?
0
What is the tens digit of 25103?
0
What is the millions digit of 1555338?
1
What is the tens digit of 454340?
4
What is the units digit of 168522?
2
What is the thousands digit of 366831?
6
What is the units digit of 1999943?
3
What is the tens digit of 3975956?
5
What is the hundreds digit of 154810?
8
What is the units digit of 14763953?
3
What is the tens digit of 892329?
2
What is the units digit of 14745235?
5
What is the millions digit of 1436430?
1
What is the tens digit of 410288?
8
What is the units digit of 1338433?
3
What is the millions digit of 1024073?
1
What is the hundred thousands digit of 2731618?
7
What is the hundred thousands digit of 1282385?
2
What is the hundreds digit of 5162750?
7
What is the ten thousands digit of 89908?
8
What is the tens digit of 8538604?
0
What is the units digit of 1489740?
0
What is the thousands digit of 639852?
9
What is the millions digit of 12059061?
2
What is the hundreds digit of 1039708?
7
What is the hundreds digit of 8868362?
3
What is the thousands digit of 1381325?
1
What is the units digit of 6155351?
1
What is the units digit of 25125493?
3
What is the hundreds digit of 709793?
7
What is the tens digit of 1379063?
6
What is the ten thousands digit of 5285115?
8
What is the units digit of 12857962?
2
What is the tens digit of 278440?
4
What is the hundred thousands digit of 1394946?
3
What is the tens digit of 3273406?
0
What is the thousands digit of 7552291?
2
What is the ten thousands digit of 443472?
4
What is the millions digit of 24005622?
4
What is the thousands digit of 2580475?
0
What is the thousands digit of 2910246?
0
What is the thousands digit of 223359?
3
What is the hundreds digit of 104022?
0
What is the thousands digit of 2208172?
8
What is the thousands digit of 139627?
9
What is the hundreds digit of 685186?
1
What is the thousands digit of 113521?
3
What is the thousands digit of 47251?
7
What is the ten thousands digit of 284212?
8
What is the hundred thousands digit of 14743224?
7
What is the hundred thousands digit of 236450?
2
What is the hundred thousands digit of 653563?
6
What is the thousands digit of 751815?
1
What is the ten thousands digit of 3514714?
1
What is the units digit of 9863417?
7
What is the millions digit of 5193448?
5
What is the hundred thousands digit of 173995?
1
What is the hundreds digit of 5279?
2
What is the tens digit of 13072?
7
What is the thousands digit of 471828?
1
What is the hundred thousands digit of 2720417?
7
What is the hundreds digit of 13716083?
0
What is the units digit of 392451?
1
What is the units digit of 275916?
6
What is the tens digit of 18636018?
1
What is the hundred thousands digit of 412866?
4
What is the hundreds digit of 3287611?
6
What is the units digit of 1749975?
5
What is the hundred thousands digit of 1030116?
0
What is the thousands di